{"id":72048,"date":"2017-02-14T11:03:38","date_gmt":"2017-02-14T11:03:38","guid":{"rendered":"https:\/\/marbellainstyle.com\/services\/transport\/marbella-airport-transfers\/"},"modified":"2018-04-05T11:02:25","modified_gmt":"2018-04-05T10:02:25","slug":"marbella-airport-transfers","status":"publish","type":"portfolio","link":"https:\/\/marbellainstyle.com\/fr\/services\/transport\/marbella-airport-transfers\/","title":{"rendered":"TRANSPORT DEPUIS ET VERS L\u2019A\u00c9ROPORT"},"content":{"rendered":"<div class=\"wpb-content-wrapper\"><p>[vc_row row_height_percent=\u00a0\u00bb0&Prime; back_color=\u00a0\u00bbcolor-prif\u00a0\u00bb overlay_alpha=\u00a0\u00bb50&Prime; gutter_size=\u00a0\u00bb3&Prime; shift_y=\u00a0\u00bb0&Prime;][vc_column column_width_percent=\u00a0\u00bb100&Prime; align_horizontal=\u00a0\u00bbalign_center\u00a0\u00bb style=\u00a0\u00bbdark\u00a0\u00bb overlay_alpha=\u00a0\u00bb50&Prime; gutter_size=\u00a0\u00bb3&Prime; medium_width=\u00a0\u00bb0&Prime; shift_x=\u00a0\u00bb0&Prime; shift_y=\u00a0\u00bb0&Prime; z_index=\u00a0\u00bb0&Prime; width=\u00a0\u00bb1\/1&Prime;][vc_custom_heading]<\/p>\n<h2>Notre flotte de voitures de luxe<\/h2>\n<p>[\/vc_custom_heading][vc_separator sep_color=\u00a0\u00bbaccent\u00a0\u00bb][vc_column_text]Pour vos transports \u00e0 Marbella, vous pouvez choisir parmi notre flotte de voitures de luxe : Mercedes Classe S, Mercedes Classe E et Mercedes Classe V. Ces voitures feront de votre transport depuis et vers l\u2019a\u00e9roport une exp\u00e9rience agr\u00e9able, confortable et sans souci.<\/p>\n<div><\/div>\n<p>[\/vc_column_text][\/vc_column][\/vc_row][vc_row unlock_row_content=\u00a0\u00bbyes\u00a0\u00bb row_height_percent=\u00a0\u00bb25&Prime; override_padding=\u00a0\u00bbyes\u00a0\u00bb h_padding=\u00a0\u00bb0&Prime; top_padding=\u00a0\u00bb0&Prime; bottom_padding=\u00a0\u00bb0&Prime; back_color=\u00a0\u00bbcolor-xsdn\u00a0\u00bb overlay_alpha=\u00a0\u00bb100&Prime; equal_height=\u00a0\u00bbyes\u00a0\u00bb gutter_size=\u00a0\u00bb0&Prime; shift_y=\u00a0\u00bb0&Prime; style=\u00a0\u00bbinherited\u00a0\u00bb row_height_pixel=\u00a0\u00bb500&Prime;][vc_column column_width_percent=\u00a0\u00bb100&Prime; position_horizontal=\u00a0\u00bbleft\u00a0\u00bb position_vertical=\u00a0\u00bbmiddle\u00a0\u00bb override_padding=\u00a0\u00bbyes\u00a0\u00bb column_padding=\u00a0\u00bb5&Prime; back_color=\u00a0\u00bbcolor-jevc\u00a0\u00bb overlay_alpha=\u00a0\u00bb100&Prime; gutter_size=\u00a0\u00bb2&Prime; medium_width=\u00a0\u00bb0&Prime; shift_x=\u00a0\u00bb0&Prime; shift_y=\u00a0\u00bb0&Prime; z_index=\u00a0\u00bb0&Prime; zoom_width=\u00a0\u00bb0&Prime; zoom_height=\u00a0\u00bb0&Prime; width=\u00a0\u00bb1\/2&Prime;][vc_custom_heading heading_semantic=\u00a0\u00bbh3&Prime; text_size=\u00a0\u00bbh3&Prime; text_space=\u00a0\u00bbfontspace-210350&Prime; text_weight=\u00a0\u00bb600&Prime; text_transform=\u00a0\u00bbuppercase\u00a0\u00bb text_color=\u00a0\u00bbcolor-xsdn\u00a0\u00bb sub_lead=\u00a0\u00bbyes\u00a0\u00bb]Business Class : Mercedes Classe E[\/vc_custom_heading][vc_separator sep_color=\u00a0\u00bbaccent\u00a0\u00bb][vc_column_text]La Mercedes Classe E a \u00e9t\u00e9 durant des ann\u00e9es un standard dans le secteur du transport priv\u00e9 haut de gamme. Pouvant accueillir jusqu&rsquo;\u00e0 3 passagers, la Mercedes Classe E est l&rsquo;option la plus classique.[\/vc_column_text][\/vc_column][vc_column column_width_percent=\u00a0\u00bb100&Prime; position_horizontal=\u00a0\u00bbleft\u00a0\u00bb back_color=\u00a0\u00bbcolor-lxmt\u00a0\u00bb back_image=\u00a0\u00bb55801&Prime; overlay_alpha=\u00a0\u00bb100&Prime; gutter_size=\u00a0\u00bb3&Prime; medium_width=\u00a0\u00bb0&Prime; shift_x=\u00a0\u00bb0&Prime; shift_y=\u00a0\u00bb0&Prime; z_index=\u00a0\u00bb0&Prime; zoom_width=\u00a0\u00bb0&Prime; zoom_height=\u00a0\u00bb0&Prime; width=\u00a0\u00bb1\/2&Prime; mobile_height=\u00a0\u00bb350&Prime;][\/vc_column][\/vc_row][vc_row unlock_row_content=\u00a0\u00bbyes\u00a0\u00bb row_height_percent=\u00a0\u00bb25&Prime; override_padding=\u00a0\u00bbyes\u00a0\u00bb h_padding=\u00a0\u00bb0&Prime; top_padding=\u00a0\u00bb0&Prime; bottom_padding=\u00a0\u00bb0&Prime; back_color=\u00a0\u00bbcolor-xsdn\u00a0\u00bb overlay_alpha=\u00a0\u00bb100&Prime; equal_height=\u00a0\u00bbyes\u00a0\u00bb gutter_size=\u00a0\u00bb0&Prime; shift_y=\u00a0\u00bb0&Prime; style=\u00a0\u00bbinherited\u00a0\u00bb row_height_pixel=\u00a0\u00bb500&Prime;][vc_column column_width_percent=\u00a0\u00bb100&Prime; position_horizontal=\u00a0\u00bbleft\u00a0\u00bb back_color=\u00a0\u00bbcolor-lxmt\u00a0\u00bb back_image=\u00a0\u00bb55800&Prime; overlay_alpha=\u00a0\u00bb100&Prime; gutter_size=\u00a0\u00bb3&Prime; medium_visibility=\u00a0\u00bbyes\u00a0\u00bb medium_width=\u00a0\u00bb0&Prime; mobile_visibility=\u00a0\u00bbyes\u00a0\u00bb shift_x=\u00a0\u00bb0&Prime; shift_y=\u00a0\u00bb0&Prime; z_index=\u00a0\u00bb0&Prime; zoom_width=\u00a0\u00bb0&Prime; zoom_height=\u00a0\u00bb0&Prime; width=\u00a0\u00bb1\/2&Prime; mobile_height=\u00a0\u00bb260&Prime;][\/vc_column][vc_column column_width_percent=\u00a0\u00bb100&Prime; position_horizontal=\u00a0\u00bbleft\u00a0\u00bb position_vertical=\u00a0\u00bbmiddle\u00a0\u00bb override_padding=\u00a0\u00bbyes\u00a0\u00bb column_padding=\u00a0\u00bb5&Prime; back_color=\u00a0\u00bbcolor-xsdn\u00a0\u00bb overlay_alpha=\u00a0\u00bb100&Prime; gutter_size=\u00a0\u00bb2&Prime; medium_width=\u00a0\u00bb0&Prime; shift_x=\u00a0\u00bb0&Prime; shift_y=\u00a0\u00bb0&Prime; z_index=\u00a0\u00bb0&Prime; zoom_width=\u00a0\u00bb0&Prime; zoom_height=\u00a0\u00bb0&Prime; width=\u00a0\u00bb1\/2&Prime;][vc_custom_heading heading_semantic=\u00a0\u00bbh3&Prime; text_size=\u00a0\u00bbh3&Prime; text_space=\u00a0\u00bbfontspace-210350&Prime; text_weight=\u00a0\u00bb600&Prime; text_transform=\u00a0\u00bbuppercase\u00a0\u00bb sub_lead=\u00a0\u00bbyes\u00a0\u00bb]Business Van : Mercedes Classe V[\/vc_custom_heading][vc_separator sep_color=\u00a0\u00bbaccent\u00a0\u00bb][vc_column_text]Parfaite pour les familles avec enfants, les joueurs de golf ou les groupes d\u2019amis, la Mercedes Classe V peut transporter jusqu\u2019\u00e0 7 passagers. Quel que soit l&rsquo;occasion, gr\u00e2ce \u00e0 nos transports en Mercedes Classe V vous pourrez profiter de l&rsquo;espace requis pour voyager en toute commodit\u00e9.<\/p>\n<div><\/div>\n<p>[\/vc_column_text][\/vc_column][\/vc_row][vc_row unlock_row_content=\u00a0\u00bbyes\u00a0\u00bb row_height_percent=\u00a0\u00bb50&Prime; override_padding=\u00a0\u00bbyes\u00a0\u00bb h_padding=\u00a0\u00bb0&Prime; top_padding=\u00a0\u00bb0&Prime; bottom_padding=\u00a0\u00bb0&Prime; back_color=\u00a0\u00bbcolor-xsdn\u00a0\u00bb overlay_alpha=\u00a0\u00bb100&Prime; equal_height=\u00a0\u00bbyes\u00a0\u00bb gutter_size=\u00a0\u00bb0&Prime; shift_y=\u00a0\u00bb0&Prime; style=\u00a0\u00bbinherited\u00a0\u00bb row_height_pixel=\u00a0\u00bb500&Prime;][vc_column column_width_percent=\u00a0\u00bb100&Prime; position_horizontal=\u00a0\u00bbleft\u00a0\u00bb position_vertical=\u00a0\u00bbmiddle\u00a0\u00bb override_padding=\u00a0\u00bbyes\u00a0\u00bb column_padding=\u00a0\u00bb5&Prime; back_color=\u00a0\u00bbcolor-jevc\u00a0\u00bb overlay_alpha=\u00a0\u00bb100&Prime; gutter_size=\u00a0\u00bb2&Prime; medium_width=\u00a0\u00bb0&Prime; shift_x=\u00a0\u00bb0&Prime; shift_y=\u00a0\u00bb0&Prime; z_index=\u00a0\u00bb0&Prime; zoom_width=\u00a0\u00bb0&Prime; zoom_height=\u00a0\u00bb0&Prime; width=\u00a0\u00bb1\/2&Prime;][vc_custom_heading heading_semantic=\u00a0\u00bbh3&Prime; text_size=\u00a0\u00bbh3&Prime; text_space=\u00a0\u00bbfontspace-210350&Prime; text_weight=\u00a0\u00bb600&Prime; text_transform=\u00a0\u00bbuppercase\u00a0\u00bb text_color=\u00a0\u00bbcolor-xsdn\u00a0\u00bb sub_lead=\u00a0\u00bbyes\u00a0\u00bb]Luxury Class : Mercedes Classe S[\/vc_custom_heading][vc_separator sep_color=\u00a0\u00bbaccent\u00a0\u00bb][vc_column_text]Voiture de luxe et de prestige, avec ses si\u00e8ges en cuir et son espace pour 3 passagers, la Mercedes Classe S est parfaite pour voyager en premi\u00e8re classe et en toute commodit\u00e9.[\/vc_column_text][\/vc_column][vc_column column_width_percent=\u00a0\u00bb100&Prime; position_horizontal=\u00a0\u00bbleft\u00a0\u00bb back_color=\u00a0\u00bbcolor-lxmt\u00a0\u00bb back_image=\u00a0\u00bb55799&Prime; overlay_alpha=\u00a0\u00bb100&Prime; gutter_size=\u00a0\u00bb3&Prime; medium_width=\u00a0\u00bb0&Prime; shift_x=\u00a0\u00bb0&Prime; shift_y=\u00a0\u00bb0&Prime; z_index=\u00a0\u00bb0&Prime; zoom_width=\u00a0\u00bb0&Prime; zoom_height=\u00a0\u00bb0&Prime; width=\u00a0\u00bb1\/2&Prime; mobile_height=\u00a0\u00bb350&Prime;][\/vc_column][\/vc_row][vc_row unlock_row_content=\u00a0\u00bbyes\u00a0\u00bb row_height_percent=\u00a0\u00bb25&Prime; override_padding=\u00a0\u00bbyes\u00a0\u00bb h_padding=\u00a0\u00bb0&Prime; top_padding=\u00a0\u00bb0&Prime; bottom_padding=\u00a0\u00bb0&Prime; back_color=\u00a0\u00bbcolor-xsdn\u00a0\u00bb overlay_alpha=\u00a0\u00bb100&Prime; equal_height=\u00a0\u00bbyes\u00a0\u00bb gutter_size=\u00a0\u00bb0&Prime; shift_y=\u00a0\u00bb0&Prime; style=\u00a0\u00bbinherited\u00a0\u00bb row_height_pixel=\u00a0\u00bb500&Prime;][vc_column column_width_percent=\u00a0\u00bb100&Prime; position_horizontal=\u00a0\u00bbleft\u00a0\u00bb back_color=\u00a0\u00bbcolor-lxmt\u00a0\u00bb back_image=\u00a0\u00bb55802&Prime; overlay_alpha=\u00a0\u00bb100&Prime; gutter_size=\u00a0\u00bb3&Prime; medium_visibility=\u00a0\u00bbyes\u00a0\u00bb medium_width=\u00a0\u00bb0&Prime; mobile_visibility=\u00a0\u00bbyes\u00a0\u00bb shift_x=\u00a0\u00bb0&Prime; shift_y=\u00a0\u00bb0&Prime; z_index=\u00a0\u00bb0&Prime; zoom_width=\u00a0\u00bb0&Prime; zoom_height=\u00a0\u00bb0&Prime; width=\u00a0\u00bb1\/2&Prime; mobile_height=\u00a0\u00bb260&Prime;][\/vc_column][vc_column column_width_percent=\u00a0\u00bb100&Prime; position_horizontal=\u00a0\u00bbleft\u00a0\u00bb position_vertical=\u00a0\u00bbmiddle\u00a0\u00bb override_padding=\u00a0\u00bbyes\u00a0\u00bb column_padding=\u00a0\u00bb5&Prime; back_color=\u00a0\u00bbcolor-xsdn\u00a0\u00bb overlay_alpha=\u00a0\u00bb100&Prime; gutter_size=\u00a0\u00bb2&Prime; medium_width=\u00a0\u00bb0&Prime; shift_x=\u00a0\u00bb0&Prime; shift_y=\u00a0\u00bb0&Prime; z_index=\u00a0\u00bb0&Prime; zoom_width=\u00a0\u00bb0&Prime; zoom_height=\u00a0\u00bb0&Prime; width=\u00a0\u00bb1\/2&Prime;][vc_custom_heading heading_semantic=\u00a0\u00bbh3&Prime; text_size=\u00a0\u00bbh3&Prime; text_space=\u00a0\u00bbfontspace-210350&Prime; text_weight=\u00a0\u00bb600&Prime; text_transform=\u00a0\u00bbuppercase\u00a0\u00bb sub_lead=\u00a0\u00bbyes\u00a0\u00bb]Luxury Minibus: MINIBUS MERCEDES DE 15, 18, 22 ET 30 PLACES<\/p>\n<div><\/div>\n<p>[\/vc_custom_heading][vc_separator sep_color=\u00a0\u00bbaccent\u00a0\u00bb][vc_column_text]Minibus Mercedes de luxe pour les groupes qui veulent voyager avec classe.[\/vc_column_text][\/vc_column][\/vc_row]<\/p>\n<\/div>","protected":false},"excerpt":{"rendered":"<p>Private Marbella Airport Transfer with Mercedes Viano or Mercedes S Class<\/p>\n","protected":false},"author":2,"featured_media":71549,"parent":71540,"menu_order":0,"comment_status":"closed","ping_status":"closed","template":"","meta":{"_glsr_average":0,"_glsr_ranking":0,"_glsr_reviews":0},"portfolio_category":[323],"acf":[],"_links":{"self":[{"href":"https:\/\/marbellainstyle.com\/fr\/wp-json\/wp\/v2\/portfolio\/72048"}],"collection":[{"href":"https:\/\/marbellainstyle.com\/fr\/wp-json\/wp\/v2\/portfolio"}],"about":[{"href":"https:\/\/marbellainstyle.com\/fr\/wp-json\/wp\/v2\/types\/portfolio"}],"author":[{"embeddable":true,"href":"https:\/\/marbellainstyle.com\/fr\/wp-json\/wp\/v2\/users\/2"}],"replies":[{"embeddable":true,"href":"https:\/\/marbellainstyle.com\/fr\/wp-json\/wp\/v2\/comments?post=72048"}],"version-history":[{"count":8,"href":"https:\/\/marbellainstyle.com\/fr\/wp-json\/wp\/v2\/portfolio\/72048\/revisions"}],"predecessor-version":[{"id":72143,"href":"https:\/\/marbellainstyle.com\/fr\/wp-json\/wp\/v2\/portfolio\/72048\/revisions\/72143"}],"up":[{"embeddable":true,"href":"https:\/\/marbellainstyle.com\/fr\/wp-json\/wp\/v2\/portfolio\/71540"}],"wp:featuredmedia":[{"embeddable":true,"href":"https:\/\/marbellainstyle.com\/fr\/wp-json\/wp\/v2\/media\/71549"}],"wp:attachment":[{"href":"https:\/\/marbellainstyle.com\/fr\/wp-json\/wp\/v2\/media?parent=72048"}],"wp:term":[{"taxonomy":"portfolio_category","embeddable":true,"href":"https:\/\/marbellainstyle.com\/fr\/wp-json\/wp\/v2\/portfolio_category?post=72048"}],"curies":[{"name":"wp","href":"https:\/\/api.w.org\/{rel}","templated":true}]}}

TRANSPORT DEPUIS ET VERS L’AÉROPORT

<div class="wpb-content-wrapper"><p>[vc_row row_height_percent= »0&Prime; back_color= »color-prif » overlay_alpha= »50&Prime; gutter_size= »3&Prime; shift_y= »0&Prime;][vc_column column_width_percent= »100&Prime; align_horizontal= »align_center » style= »dark » overlay_alpha= »50&Prime; gutter_size= »3&Prime; medium_width= »0&Prime; shift_x= »0&Prime; shift_y= »0&Prime; z_index= »0&Prime; width= »1/1&Prime;][vc_custom_heading]</p>
<h2>Notre flotte de voitures de luxe</h2>
<p>[/vc_custom_heading][vc_separator sep_color= »accent »][vc_column_text]Pour vos transports à Marbella, vous pouvez choisir parmi notre flotte de voitures de luxe : Mercedes Classe S, Mercedes Classe E et Mercedes Classe V. Ces voitures feront de votre transport depuis et vers l’aéroport une expérience agréable, confortable et sans souci.</p>
<div></div>
<p>[/vc_column_text][/vc_column][/vc_row][vc_row unlock_row_content= »yes » row_height_percent= »25&Prime; override_padding= »yes » h_padding= »0&Prime; top_padding= »0&Prime; bottom_padding= »0&Prime; back_color= »color-xsdn » overlay_alpha= »100&Prime; equal_height= »yes » gutter_size= »0&Prime; shift_y= »0&Prime; style= »inherited » row_height_pixel= »500&Prime;][vc_column column_width_percent= »100&Prime; position_horizontal= »left » position_vertical= »middle » override_padding= »yes » column_padding= »5&Prime; back_color= »color-jevc » overlay_alpha= »100&Prime; gutter_size= »2&Prime; medium_width= »0&Prime; shift_x= »0&Prime; shift_y= »0&Prime; z_index= »0&Prime; zoom_width= »0&Prime; zoom_height= »0&Prime; width= »1/2&Prime;][vc_custom_heading heading_semantic= »h3&Prime; text_size= »h3&Prime; text_space= »fontspace-210350&Prime; text_weight= »600&Prime; text_transform= »uppercase » text_color= »color-xsdn » sub_lead= »yes »]Business Class : Mercedes Classe E[/vc_custom_heading][vc_separator sep_color= »accent »][vc_column_text]La Mercedes Classe E a été durant des années un standard dans le secteur du transport privé haut de gamme. Pouvant accueillir jusqu&rsquo;à 3 passagers, la Mercedes Classe E est l&rsquo;option la plus classique.[/vc_column_text][/vc_column][vc_column column_width_percent= »100&Prime; position_horizontal= »left » back_color= »color-lxmt » back_image= »55801&Prime; overlay_alpha= »100&Prime; gutter_size= »3&Prime; medium_width= »0&Prime; shift_x= »0&Prime; shift_y= »0&Prime; z_index= »0&Prime; zoom_width= »0&Prime; zoom_height= »0&Prime; width= »1/2&Prime; mobile_height= »350&Prime;][/vc_column][/vc_row][vc_row unlock_row_content= »yes » row_height_percent= »25&Prime; override_padding= »yes » h_padding= »0&Prime; top_padding= »0&Prime; bottom_padding= »0&Prime; back_color= »color-xsdn » overlay_alpha= »100&Prime; equal_height= »yes » gutter_size= »0&Prime; shift_y= »0&Prime; style= »inherited » row_height_pixel= »500&Prime;][vc_column column_width_percent= »100&Prime; position_horizontal= »left » back_color= »color-lxmt » back_image= »55800&Prime; overlay_alpha= »100&Prime; gutter_size= »3&Prime; medium_visibility= »yes » medium_width= »0&Prime; mobile_visibility= »yes » shift_x= »0&Prime; shift_y= »0&Prime; z_index= »0&Prime; zoom_width= »0&Prime; zoom_height= »0&Prime; width= »1/2&Prime; mobile_height= »260&Prime;][/vc_column][vc_column column_width_percent= »100&Prime; position_horizontal= »left » position_vertical= »middle » override_padding= »yes » column_padding= »5&Prime; back_color= »color-xsdn » overlay_alpha= »100&Prime; gutter_size= »2&Prime; medium_width= »0&Prime; shift_x= »0&Prime; shift_y= »0&Prime; z_index= »0&Prime; zoom_width= »0&Prime; zoom_height= »0&Prime; width= »1/2&Prime;][vc_custom_heading heading_semantic= »h3&Prime; text_size= »h3&Prime; text_space= »fontspace-210350&Prime; text_weight= »600&Prime; text_transform= »uppercase » sub_lead= »yes »]Business Van : Mercedes Classe V[/vc_custom_heading][vc_separator sep_color= »accent »][vc_column_text]Parfaite pour les familles avec enfants, les joueurs de golf ou les groupes d’amis, la Mercedes Classe V peut transporter jusqu’à 7 passagers. Quel que soit l&rsquo;occasion, grâce à nos transports en Mercedes Classe V vous pourrez profiter de l&rsquo;espace requis pour voyager en toute commodité.</p>
<div></div>
<p>[/vc_column_text][/vc_column][/vc_row][vc_row unlock_row_content= »yes » row_height_percent= »50&Prime; override_padding= »yes » h_padding= »0&Prime; top_padding= »0&Prime; bottom_padding= »0&Prime; back_color= »color-xsdn » overlay_alpha= »100&Prime; equal_height= »yes » gutter_size= »0&Prime; shift_y= »0&Prime; style= »inherited » row_height_pixel= »500&Prime;][vc_column column_width_percent= »100&Prime; position_horizontal= »left » position_vertical= »middle » override_padding= »yes » column_padding= »5&Prime; back_color= »color-jevc » overlay_alpha= »100&Prime; gutter_size= »2&Prime; medium_width= »0&Prime; shift_x= »0&Prime; shift_y= »0&Prime; z_index= »0&Prime; zoom_width= »0&Prime; zoom_height= »0&Prime; width= »1/2&Prime;][vc_custom_heading heading_semantic= »h3&Prime; text_size= »h3&Prime; text_space= »fontspace-210350&Prime; text_weight= »600&Prime; text_transform= »uppercase » text_color= »color-xsdn » sub_lead= »yes »]Luxury Class : Mercedes Classe S[/vc_custom_heading][vc_separator sep_color= »accent »][vc_column_text]Voiture de luxe et de prestige, avec ses sièges en cuir et son espace pour 3 passagers, la Mercedes Classe S est parfaite pour voyager en première classe et en toute commodité.[/vc_column_text][/vc_column][vc_column column_width_percent= »100&Prime; position_horizontal= »left » back_color= »color-lxmt » back_image= »55799&Prime; overlay_alpha= »100&Prime; gutter_size= »3&Prime; medium_width= »0&Prime; shift_x= »0&Prime; shift_y= »0&Prime; z_index= »0&Prime; zoom_width= »0&Prime; zoom_height= »0&Prime; width= »1/2&Prime; mobile_height= »350&Prime;][/vc_column][/vc_row][vc_row unlock_row_content= »yes » row_height_percent= »25&Prime; override_padding= »yes » h_padding= »0&Prime; top_padding= »0&Prime; bottom_padding= »0&Prime; back_color= »color-xsdn » overlay_alpha= »100&Prime; equal_height= »yes » gutter_size= »0&Prime; shift_y= »0&Prime; style= »inherited » row_height_pixel= »500&Prime;][vc_column column_width_percent= »100&Prime; position_horizontal= »left » back_color= »color-lxmt » back_image= »55802&Prime; overlay_alpha= »100&Prime; gutter_size= »3&Prime; medium_visibility= »yes » medium_width= »0&Prime; mobile_visibility= »yes » shift_x= »0&Prime; shift_y= »0&Prime; z_index= »0&Prime; zoom_width= »0&Prime; zoom_height= »0&Prime; width= »1/2&Prime; mobile_height= »260&Prime;][/vc_column][vc_column column_width_percent= »100&Prime; position_horizontal= »left » position_vertical= »middle » override_padding= »yes » column_padding= »5&Prime; back_color= »color-xsdn » overlay_alpha= »100&Prime; gutter_size= »2&Prime; medium_width= »0&Prime; shift_x= »0&Prime; shift_y= »0&Prime; z_index= »0&Prime; zoom_width= »0&Prime; zoom_height= »0&Prime; width= »1/2&Prime;][vc_custom_heading heading_semantic= »h3&Prime; text_size= »h3&Prime; text_space= »fontspace-210350&Prime; text_weight= »600&Prime; text_transform= »uppercase » sub_lead= »yes »]Luxury Minibus: MINIBUS MERCEDES DE 15, 18, 22 ET 30 PLACES</p>
<div></div>
<p>[/vc_custom_heading][vc_separator sep_color= »accent »][vc_column_text]Minibus Mercedes de luxe pour les groupes qui veulent voyager avec classe.[/vc_column_text][/vc_column][/vc_row]</p>
</div>
