{"id":61701,"date":"2017-02-20T16:20:20","date_gmt":"2017-02-20T16:20:20","guid":{"rendered":"http:\/\/www.xofery.com\/?post_type=portfolio&#038;p=61701\/"},"modified":"2017-03-03T09:47:57","modified_gmt":"2017-03-03T09:47:57","slug":"tour-vino-marbella","status":"publish","type":"portfolio","link":"https:\/\/marbellainstyle.com\/es\/services\/tours\/tour-vino-marbella\/","title":{"rendered":"Tour del vino Marbella"},"content":{"rendered":"<div class=\"wpb-content-wrapper\"><p>[vc_row unlock_row_content=\u00bbyes\u00bb row_height_percent=\u00bb25&#8243; override_padding=\u00bbyes\u00bb h_padding=\u00bb0&#8243; top_padding=\u00bb0&#8243; bottom_padding=\u00bb0&#8243; back_color=\u00bbcolor-xsdn\u00bb overlay_alpha=\u00bb100&#8243; equal_height=\u00bbyes\u00bb gutter_size=\u00bb0&#8243; shift_y=\u00bb0&#8243; style=\u00bbinherited\u00bb][vc_column column_width_percent=\u00bb100&#8243; position_horizontal=\u00bbleft\u00bb position_vertical=\u00bbmiddle\u00bb override_padding=\u00bbyes\u00bb column_padding=\u00bb5&#8243; back_color=\u00bbcolor-jevc\u00bb overlay_alpha=\u00bb100&#8243; gutter_size=\u00bb2&#8243; medium_width=\u00bb0&#8243; shift_x=\u00bb0&#8243; shift_y=\u00bb0&#8243; z_index=\u00bb0&#8243; zoom_width=\u00bb0&#8243; zoom_height=\u00bb0&#8243; width=\u00bb1\/2&#8243;][vc_custom_heading heading_semantic=\u00bbh3&#8243; text_size=\u00bbh3&#8243; text_space=\u00bbfontspace-210350&#8243; text_weight=\u00bb600&#8243; text_transform=\u00bbuppercase\u00bb text_color=\u00bbcolor-xsdn\u00bb sub_lead=\u00bbyes\u00bb]Itinerario[\/vc_custom_heading][vc_separator sep_color=\u00bbaccent\u00bb][vc_column_text]<\/p>\n<ul>\n<li><strong>09:00 Recogida<\/strong><br \/>\nRecogida con chofer m\u00e1s gu\u00eda de habla ingles en veh\u00edculo de lujo; minivan (6 pax), minibus (22 pax) o bus (max 54 pax)<\/li>\n<li><strong>10:15 Desayuno<\/strong><br \/>\nAntes de la llegada a la primera bodega pararemos para un desayuno t\u00edpico.<\/li>\n<li><strong>11:00 Visita bodega<\/strong><br \/>\nVisita guiada a una bodega org\u00e1nica familiar y sus instalaciones. Despu\u00e9s de la visita, podr\u00e1 relajarse en la terraza al aire libre con excelentes vistas sobre el valle. All\u00ed podr\u00e1 disfrutar de una degustaci\u00f3n guiada de cuatro vinos, con queso y chorizo espa\u00f1ol.<\/li>\n<li><strong>13:00 Visita Ronda<\/strong><br \/>\nTour guiado a pie por Ronda. Admire las vistas sobre el valle, el impresionante &#8216;Puente Nuevo&#8217;, construido en 1740, y su plaza de toros, una de las m\u00e1s antiguas del mundo y supuestamente donde naci\u00f3 la tauromaquia moderna.<\/li>\n<li><strong>14:30\u00a0Visita bodega y comida<\/strong><br \/>\nVisite los vi\u00f1edos de una bodega peque\u00f1a y aprenda las diferencias sobre diferentes variedades como Cabernet Sauvignon, Syrah, o Merlot, y c\u00f3mo se cultivan. Luego degustaremos sus vinos blancos y tintos junto con un almuerzo t\u00edpico andaluz, cocinado y servido por los propietarios de las bodegas.<\/li>\n<li><strong>18:00\u00a0Traslado a su hotel\/residencia\u00a0<\/strong><br \/>\nDespu\u00e9s de la comida ser\u00e1 conducido de vuelta a su residencia u hotel<\/li>\n<\/ul>\n<p>[\/vc_column_text][\/vc_column][vc_column column_width_percent=\u00bb100&#8243; position_horizontal=\u00bbleft\u00bb back_color=\u00bbcolor-lxmt\u00bb back_image=\u00bb55150&#8243; overlay_alpha=\u00bb100&#8243; gutter_size=\u00bb3&#8243; medium_width=\u00bb0&#8243; shift_x=\u00bb0&#8243; shift_y=\u00bb0&#8243; z_index=\u00bb0&#8243; zoom_width=\u00bb0&#8243; zoom_height=\u00bb0&#8243; width=\u00bb1\/2&#8243; mobile_height=\u00bb350&#8243;][\/vc_column][\/vc_row][vc_row unlock_row_content=\u00bbyes\u00bb row_height_percent=\u00bb25&#8243; override_padding=\u00bbyes\u00bb h_padding=\u00bb0&#8243; top_padding=\u00bb0&#8243; bottom_padding=\u00bb0&#8243; back_color=\u00bbcolor-xsdn\u00bb overlay_alpha=\u00bb100&#8243; equal_height=\u00bbyes\u00bb gutter_size=\u00bb0&#8243; shift_y=\u00bb0&#8243; style=\u00bbinherited\u00bb][vc_column column_width_percent=\u00bb100&#8243; position_horizontal=\u00bbleft\u00bb back_color=\u00bbcolor-lxmt\u00bb back_image=\u00bb55148&#8243; overlay_alpha=\u00bb100&#8243; gutter_size=\u00bb3&#8243; medium_visibility=\u00bbyes\u00bb medium_width=\u00bb0&#8243; mobile_visibility=\u00bbyes\u00bb shift_x=\u00bb0&#8243; shift_y=\u00bb0&#8243; z_index=\u00bb0&#8243; zoom_width=\u00bb0&#8243; zoom_height=\u00bb0&#8243; width=\u00bb1\/2&#8243; mobile_height=\u00bb260&#8243;][\/vc_column][vc_column column_width_percent=\u00bb100&#8243; position_horizontal=\u00bbleft\u00bb position_vertical=\u00bbmiddle\u00bb override_padding=\u00bbyes\u00bb column_padding=\u00bb5&#8243; back_color=\u00bbcolor-xsdn\u00bb overlay_alpha=\u00bb100&#8243; gutter_size=\u00bb2&#8243; medium_width=\u00bb0&#8243; shift_x=\u00bb0&#8243; shift_y=\u00bb0&#8243; z_index=\u00bb0&#8243; zoom_width=\u00bb0&#8243; zoom_height=\u00bb0&#8243; width=\u00bb1\/2&#8243;][vc_custom_heading heading_semantic=\u00bbh3&#8243; text_size=\u00bbh3&#8243; text_space=\u00bbfontspace-210350&#8243; text_weight=\u00bb600&#8243; text_transform=\u00bbuppercase\u00bb sub_lead=\u00bbyes\u00bb]Incluye[\/vc_custom_heading][vc_separator sep_color=\u00bbaccent\u00bb][vc_column_text]<\/p>\n<ul>\n<li>Recogida y traslado privados<\/li>\n<li>Conductor privado con minivan, minibus o bus<\/li>\n<li>Gu\u00eda privado de habla inglesa<\/li>\n<li>Desayuno t\u00edpico. Comida casera<\/li>\n<li>Visita guiada y cata de vinos con tapas en dos bodegas<\/li>\n<\/ul>\n<p>[\/vc_column_text][vc_empty_space empty_h=\u00bb2&#8243;][vc_custom_heading heading_semantic=\u00bbh3&#8243; text_size=\u00bbh3&#8243; text_space=\u00bbfontspace-210350&#8243; text_weight=\u00bb600&#8243; text_transform=\u00bbuppercase\u00bb sub_lead=\u00bbyes\u00bb]No Incluye[\/vc_custom_heading][vc_separator sep_color=\u00bbaccent\u00bb][vc_column_text]<\/p>\n<ul>\n<li>Tickets plaza de toros (+10\u20ac)<\/li>\n<li>Propinas<\/li>\n<\/ul>\n<p>[\/vc_column_text][\/vc_column][\/vc_row]<\/p>\n<\/div>","protected":false},"excerpt":{"rendered":"<p>Discover the wineries of Ronda and their rich history with an experience for all your senses.<\/p>\n","protected":false},"author":2,"featured_media":63753,"parent":56934,"menu_order":0,"comment_status":"closed","ping_status":"closed","template":"","meta":{"_glsr_average":0,"_glsr_ranking":0,"_glsr_reviews":0},"portfolio_category":[100],"acf":[],"_links":{"self":[{"href":"https:\/\/marbellainstyle.com\/es\/wp-json\/wp\/v2\/portfolio\/61701"}],"collection":[{"href":"https:\/\/marbellainstyle.com\/es\/wp-json\/wp\/v2\/portfolio"}],"about":[{"href":"https:\/\/marbellainstyle.com\/es\/wp-json\/wp\/v2\/types\/portfolio"}],"author":[{"embeddable":true,"href":"https:\/\/marbellainstyle.com\/es\/wp-json\/wp\/v2\/users\/2"}],"replies":[{"embeddable":true,"href":"https:\/\/marbellainstyle.com\/es\/wp-json\/wp\/v2\/comments?post=61701"}],"version-history":[{"count":17,"href":"https:\/\/marbellainstyle.com\/es\/wp-json\/wp\/v2\/portfolio\/61701\/revisions"}],"predecessor-version":[{"id":63658,"href":"https:\/\/marbellainstyle.com\/es\/wp-json\/wp\/v2\/portfolio\/61701\/revisions\/63658"}],"up":[{"embeddable":true,"href":"https:\/\/marbellainstyle.com\/es\/wp-json\/wp\/v2\/portfolio\/56934"}],"wp:featuredmedia":[{"embeddable":true,"href":"https:\/\/marbellainstyle.com\/es\/wp-json\/wp\/v2\/media\/63753"}],"wp:attachment":[{"href":"https:\/\/marbellainstyle.com\/es\/wp-json\/wp\/v2\/media?parent=61701"}],"wp:term":[{"taxonomy":"portfolio_category","embeddable":true,"href":"https:\/\/marbellainstyle.com\/es\/wp-json\/wp\/v2\/portfolio_category?post=61701"}],"curies":[{"name":"wp","href":"https:\/\/api.w.org\/{rel}","templated":true}]}}

<div class="wpb-content-wrapper"><p>[vc_row unlock_row_content=»yes» row_height_percent=»25&#8243; override_padding=»yes» h_padding=»0&#8243; top_padding=»0&#8243; bottom_padding=»0&#8243; back_color=»color-xsdn» overlay_alpha=»100&#8243; equal_height=»yes» gutter_size=»0&#8243; shift_y=»0&#8243; style=»inherited»][vc_column column_width_percent=»100&#8243; position_horizontal=»left» position_vertical=»middle» override_padding=»yes» column_padding=»5&#8243; back_color=»color-jevc» overlay_alpha=»100&#8243; gutter_size=»2&#8243; medium_width=»0&#8243; shift_x=»0&#8243; shift_y=»0&#8243; z_index=»0&#8243; zoom_width=»0&#8243; zoom_height=»0&#8243; width=»1/2&#8243;][vc_custom_heading heading_semantic=»h3&#8243; text_size=»h3&#8243; text_space=»fontspace-210350&#8243; text_weight=»600&#8243; text_transform=»uppercase» text_color=»color-xsdn» sub_lead=»yes»]Itinerario[/vc_custom_heading][vc_separator sep_color=»accent»][vc_column_text]</p>
<ul>
<li><strong>09:00 Recogida</strong><br />
Recogida con chofer más guía de habla ingles en vehículo de lujo; minivan (6 pax), minibus (22 pax) o bus (max 54 pax)</li>
<li><strong>10:15 Desayuno</strong><br />
Antes de la llegada a la primera bodega pararemos para un desayuno típico.</li>
<li><strong>11:00 Visita bodega</strong><br />
Visita guiada a una bodega orgánica familiar y sus instalaciones. Después de la visita, podrá relajarse en la terraza al aire libre con excelentes vistas sobre el valle. Allí podrá disfrutar de una degustación guiada de cuatro vinos, con queso y chorizo español.</li>
<li><strong>13:00 Visita Ronda</strong><br />
Tour guiado a pie por Ronda. Admire las vistas sobre el valle, el impresionante &#8216;Puente Nuevo&#8217;, construido en 1740, y su plaza de toros, una de las más antiguas del mundo y supuestamente donde nació la tauromaquia moderna.</li>
<li><strong>14:30 Visita bodega y comida</strong><br />
Visite los viñedos de una bodega pequeña y aprenda las diferencias sobre diferentes variedades como Cabernet Sauvignon, Syrah, o Merlot, y cómo se cultivan. Luego degustaremos sus vinos blancos y tintos junto con un almuerzo típico andaluz, cocinado y servido por los propietarios de las bodegas.</li>
<li><strong>18:00 Traslado a su hotel/residencia </strong><br />
Después de la comida será conducido de vuelta a su residencia u hotel</li>
</ul>
<p>[/vc_column_text][/vc_column][vc_column column_width_percent=»100&#8243; position_horizontal=»left» back_color=»color-lxmt» back_image=»55150&#8243; overlay_alpha=»100&#8243; gutter_size=»3&#8243; medium_width=»0&#8243; shift_x=»0&#8243; shift_y=»0&#8243; z_index=»0&#8243; zoom_width=»0&#8243; zoom_height=»0&#8243; width=»1/2&#8243; mobile_height=»350&#8243;][/vc_column][/vc_row][vc_row unlock_row_content=»yes» row_height_percent=»25&#8243; override_padding=»yes» h_padding=»0&#8243; top_padding=»0&#8243; bottom_padding=»0&#8243; back_color=»color-xsdn» overlay_alpha=»100&#8243; equal_height=»yes» gutter_size=»0&#8243; shift_y=»0&#8243; style=»inherited»][vc_column column_width_percent=»100&#8243; position_horizontal=»left» back_color=»color-lxmt» back_image=»55148&#8243; overlay_alpha=»100&#8243; gutter_size=»3&#8243; medium_visibility=»yes» medium_width=»0&#8243; mobile_visibility=»yes» shift_x=»0&#8243; shift_y=»0&#8243; z_index=»0&#8243; zoom_width=»0&#8243; zoom_height=»0&#8243; width=»1/2&#8243; mobile_height=»260&#8243;][/vc_column][vc_column column_width_percent=»100&#8243; position_horizontal=»left» position_vertical=»middle» override_padding=»yes» column_padding=»5&#8243; back_color=»color-xsdn» overlay_alpha=»100&#8243; gutter_size=»2&#8243; medium_width=»0&#8243; shift_x=»0&#8243; shift_y=»0&#8243; z_index=»0&#8243; zoom_width=»0&#8243; zoom_height=»0&#8243; width=»1/2&#8243;][vc_custom_heading heading_semantic=»h3&#8243; text_size=»h3&#8243; text_space=»fontspace-210350&#8243; text_weight=»600&#8243; text_transform=»uppercase» sub_lead=»yes»]Incluye[/vc_custom_heading][vc_separator sep_color=»accent»][vc_column_text]</p>
<ul>
<li>Recogida y traslado privados</li>
<li>Conductor privado con minivan, minibus o bus</li>
<li>Guía privado de habla inglesa</li>
<li>Desayuno típico. Comida casera</li>
<li>Visita guiada y cata de vinos con tapas en dos bodegas</li>
</ul>
<p>[/vc_column_text][vc_empty_space empty_h=»2&#8243;][vc_custom_heading heading_semantic=»h3&#8243; text_size=»h3&#8243; text_space=»fontspace-210350&#8243; text_weight=»600&#8243; text_transform=»uppercase» sub_lead=»yes»]No Incluye[/vc_custom_heading][vc_separator sep_color=»accent»][vc_column_text]</p>
<ul>
<li>Tickets plaza de toros (+10€)</li>
<li>Propinas</li>
</ul>
<p>[/vc_column_text][/vc_column][/vc_row]</p>
</div>
