{"id":58363,"date":"2017-01-09T21:06:37","date_gmt":"2017-01-09T21:06:37","guid":{"rendered":"http:\/\/s668976472.mialojamiento.es\/services\/lifestyle\/marbella-villa-holiday-package\/"},"modified":"2017-03-06T09:29:52","modified_gmt":"2017-03-06T09:29:52","slug":"paquete-vacacional-con-villa-en-marbella","status":"publish","type":"portfolio","link":"https:\/\/marbellainstyle.com\/es\/services\/lifestyle\/paquete-vacacional-con-villa-en-marbella\/","title":{"rendered":"Paquete vacacional con villa en Marbella"},"content":{"rendered":"<div class=\"wpb-content-wrapper\"><p>[vc_row unlock_row_content=\u00bbyes\u00bb row_height_percent=\u00bb25&#8243; override_padding=\u00bbyes\u00bb h_padding=\u00bb0&#8243; top_padding=\u00bb0&#8243; bottom_padding=\u00bb0&#8243; back_color=\u00bbcolor-xsdn\u00bb overlay_alpha=\u00bb100&#8243; equal_height=\u00bbyes\u00bb gutter_size=\u00bb0&#8243; shift_y=\u00bb0&#8243; style=\u00bbinherited\u00bb row_height_pixel=\u00bb500&#8243;][vc_column column_width_percent=\u00bb100&#8243; position_horizontal=\u00bbleft\u00bb position_vertical=\u00bbmiddle\u00bb override_padding=\u00bbyes\u00bb column_padding=\u00bb5&#8243; back_color=\u00bbcolor-jevc\u00bb overlay_alpha=\u00bb100&#8243; gutter_size=\u00bb2&#8243; medium_width=\u00bb0&#8243; shift_x=\u00bb0&#8243; shift_y=\u00bb0&#8243; z_index=\u00bb0&#8243; zoom_width=\u00bb0&#8243; zoom_height=\u00bb0&#8243; width=\u00bb1\/2&#8243;][vc_custom_heading heading_semantic=\u00bbh3&#8243; text_size=\u00bbh3&#8243; text_space=\u00bbfontspace-210350&#8243; text_weight=\u00bb600&#8243; text_transform=\u00bbuppercase\u00bb text_color=\u00bbcolor-xsdn\u00bb sub_lead=\u00bbyes\u00bb]Traslado desde Aeropuerto[\/vc_custom_heading][vc_separator sep_color=\u00bbaccent\u00bb][vc_column_text]Ser\u00e1 recibido en el aeropuerto por uno de nuestros ch\u00f3feres profesionales que har\u00e1n\u00a0lo posible por satisfacer todas sus peticiones durante el traslado. Ser\u00e1 conducido con seguridad y confort\u00a0evitando cualquier molestia ocasionada por el tr\u00e1fico.[\/vc_column_text][\/vc_column][vc_column column_width_percent=\u00bb100&#8243; position_horizontal=\u00bbleft\u00bb back_color=\u00bbcolor-lxmt\u00bb back_image=\u00bb63779&#8243; overlay_alpha=\u00bb100&#8243; gutter_size=\u00bb3&#8243; medium_width=\u00bb0&#8243; shift_x=\u00bb0&#8243; shift_y=\u00bb0&#8243; z_index=\u00bb0&#8243; zoom_width=\u00bb0&#8243; zoom_height=\u00bb0&#8243; width=\u00bb1\/2&#8243; mobile_height=\u00bb350&#8243;][\/vc_column][\/vc_row][vc_row unlock_row_content=\u00bbyes\u00bb row_height_percent=\u00bb25&#8243; override_padding=\u00bbyes\u00bb h_padding=\u00bb0&#8243; top_padding=\u00bb0&#8243; bottom_padding=\u00bb0&#8243; back_color=\u00bbcolor-xsdn\u00bb overlay_alpha=\u00bb100&#8243; equal_height=\u00bbyes\u00bb gutter_size=\u00bb0&#8243; shift_y=\u00bb0&#8243; style=\u00bbinherited\u00bb row_height_pixel=\u00bb500&#8243;][vc_column column_width_percent=\u00bb100&#8243; position_horizontal=\u00bbleft\u00bb back_color=\u00bbcolor-lxmt\u00bb back_image=\u00bb56265&#8243; overlay_alpha=\u00bb100&#8243; gutter_size=\u00bb3&#8243; medium_visibility=\u00bbyes\u00bb medium_width=\u00bb0&#8243; mobile_visibility=\u00bbyes\u00bb shift_x=\u00bb0&#8243; shift_y=\u00bb0&#8243; z_index=\u00bb0&#8243; zoom_width=\u00bb0&#8243; zoom_height=\u00bb0&#8243; width=\u00bb1\/2&#8243; mobile_height=\u00bb260&#8243;][\/vc_column][vc_column column_width_percent=\u00bb100&#8243; position_horizontal=\u00bbleft\u00bb position_vertical=\u00bbmiddle\u00bb override_padding=\u00bbyes\u00bb column_padding=\u00bb5&#8243; back_color=\u00bbcolor-xsdn\u00bb overlay_alpha=\u00bb100&#8243; gutter_size=\u00bb2&#8243; medium_width=\u00bb0&#8243; shift_x=\u00bb0&#8243; shift_y=\u00bb0&#8243; z_index=\u00bb0&#8243; zoom_width=\u00bb0&#8243; zoom_height=\u00bb0&#8243; width=\u00bb1\/2&#8243;][vc_custom_heading heading_semantic=\u00bbh3&#8243; text_size=\u00bbh3&#8243; text_space=\u00bbfontspace-210350&#8243; text_weight=\u00bb600&#8243; text_transform=\u00bbuppercase\u00bb sub_lead=\u00bbyes\u00bb]Recepci\u00f3n[\/vc_custom_heading][vc_separator sep_color=\u00bbaccent\u00bb][vc_column_text]A su llegada a la villa ser\u00e1 recibido por nuestro concierge\u00a0quien se habr\u00e1 encargado de enfriar una botella de champ\u00e1n y de preparar una selecci\u00f3n de deliciosas tapas para usted. Sus sentidos ser\u00e1n deleitados con la entrega\u00a0de unas elegantes\u00a0flores frescas.<\/p>\n<p>Nuestro concierge le ense\u00f1ar\u00e1 todas las instalaciones que la villa tiene para ofrecerle, as\u00ed como darle algunos consejos \u00fatiles sobre Marbella.[\/vc_column_text][\/vc_column][\/vc_row][vc_row unlock_row_content=\u00bbyes\u00bb row_height_percent=\u00bb25&#8243; override_padding=\u00bbyes\u00bb h_padding=\u00bb0&#8243; top_padding=\u00bb0&#8243; bottom_padding=\u00bb0&#8243; back_color=\u00bbcolor-xsdn\u00bb overlay_alpha=\u00bb100&#8243; equal_height=\u00bbyes\u00bb gutter_size=\u00bb0&#8243; shift_y=\u00bb0&#8243; style=\u00bbinherited\u00bb row_height_pixel=\u00bb500&#8243;][vc_column column_width_percent=\u00bb100&#8243; position_horizontal=\u00bbleft\u00bb position_vertical=\u00bbmiddle\u00bb override_padding=\u00bbyes\u00bb column_padding=\u00bb5&#8243; back_color=\u00bbcolor-jevc\u00bb overlay_alpha=\u00bb100&#8243; gutter_size=\u00bb2&#8243; medium_width=\u00bb0&#8243; shift_x=\u00bb0&#8243; shift_y=\u00bb0&#8243; z_index=\u00bb0&#8243; zoom_width=\u00bb0&#8243; zoom_height=\u00bb0&#8243; width=\u00bb1\/2&#8243;][vc_custom_heading heading_semantic=\u00bbh3&#8243; text_size=\u00bbh3&#8243; text_space=\u00bbfontspace-210350&#8243; text_weight=\u00bb600&#8243; text_transform=\u00bbuppercase\u00bb text_color=\u00bbcolor-xsdn\u00bb sub_lead=\u00bbyes\u00bb]Mantenimiento y Limpieza[\/vc_custom_heading][vc_separator sep_color=\u00bbaccent\u00bb][vc_column_text]Nos haremos cargo de todas las necesidades que su hogar de vacaciones pueda necesitar. Nuestro equipo de limpieza profesionalmente formado le proporcionar\u00e1 servicio diario de limpieza y lavander\u00eda.[\/vc_column_text][\/vc_column][vc_column column_width_percent=\u00bb100&#8243; position_horizontal=\u00bbleft\u00bb back_color=\u00bbcolor-lxmt\u00bb back_image=\u00bb62231&#8243; overlay_alpha=\u00bb100&#8243; gutter_size=\u00bb3&#8243; medium_width=\u00bb0&#8243; shift_x=\u00bb0&#8243; shift_y=\u00bb0&#8243; z_index=\u00bb0&#8243; zoom_width=\u00bb0&#8243; zoom_height=\u00bb0&#8243; width=\u00bb1\/2&#8243; mobile_height=\u00bb350&#8243;][\/vc_column][\/vc_row][vc_row unlock_row_content=\u00bbyes\u00bb row_height_percent=\u00bb25&#8243; override_padding=\u00bbyes\u00bb h_padding=\u00bb0&#8243; top_padding=\u00bb0&#8243; bottom_padding=\u00bb0&#8243; back_color=\u00bbcolor-xsdn\u00bb overlay_alpha=\u00bb100&#8243; equal_height=\u00bbyes\u00bb gutter_size=\u00bb0&#8243; shift_y=\u00bb0&#8243; style=\u00bbinherited\u00bb row_height_pixel=\u00bb500&#8243;][vc_column column_width_percent=\u00bb100&#8243; position_horizontal=\u00bbleft\u00bb back_color=\u00bbcolor-lxmt\u00bb back_image=\u00bb61440&#8243; overlay_alpha=\u00bb100&#8243; gutter_size=\u00bb3&#8243; medium_visibility=\u00bbyes\u00bb medium_width=\u00bb0&#8243; mobile_visibility=\u00bbyes\u00bb shift_x=\u00bb0&#8243; shift_y=\u00bb0&#8243; z_index=\u00bb0&#8243; zoom_width=\u00bb0&#8243; zoom_height=\u00bb0&#8243; width=\u00bb1\/2&#8243; mobile_height=\u00bb260&#8243;][\/vc_column][vc_column column_width_percent=\u00bb100&#8243; position_horizontal=\u00bbleft\u00bb position_vertical=\u00bbmiddle\u00bb override_padding=\u00bbyes\u00bb column_padding=\u00bb5&#8243; back_color=\u00bbcolor-xsdn\u00bb overlay_alpha=\u00bb100&#8243; gutter_size=\u00bb2&#8243; medium_width=\u00bb0&#8243; shift_x=\u00bb0&#8243; shift_y=\u00bb0&#8243; z_index=\u00bb0&#8243; zoom_width=\u00bb0&#8243; zoom_height=\u00bb0&#8243; width=\u00bb1\/2&#8243;][vc_custom_heading heading_semantic=\u00bbh3&#8243; text_size=\u00bbh3&#8243; text_space=\u00bbfontspace-210350&#8243; text_weight=\u00bb600&#8243; text_transform=\u00bbuppercase\u00bb sub_lead=\u00bbyes\u00bb]Chef Privado[\/vc_custom_heading][vc_separator sep_color=\u00bbaccent\u00bb][vc_column_text]Para hacer que sus vacaciones se desarrollen a la perfecci\u00f3n, prepararemos un pre-stock por usted para asegurar que dispone de comida y bebidas necesarias a su llegada.<\/p>\n<p>Y por supuesto nuestro paquete de Villa tiene algo muy especial para usted, prepararemos un restaurante privado de lujo en la comodidad y ambiente de su villa. Uno de nuestros expertos chefs privado cocinar\u00e1 una cena preparada especialmente para enlazar a la perfecci\u00f3n con los vinos m\u00e1s extraordinarios de la regi\u00f3n. Su chef privado se encargar\u00e1 de las compras y la gesti\u00f3n de la cocina, manteni\u00e9ndola organizada, limpia y ordenada.[\/vc_column_text][\/vc_column][\/vc_row]<\/p>\n<\/div>","protected":false},"excerpt":{"rendered":"<p>Nuestro \u00abPaquete vacacional con Villa en Marbella\u00bb har\u00e1 que disfrutes de Marbella al m\u00e1ximo, para ello hemos incluido un conjunto de servicios adicionales para hacer de tu estancia una experiencia inolvidable.<\/p>\n","protected":false},"author":3,"featured_media":58018,"parent":56903,"menu_order":0,"comment_status":"closed","ping_status":"closed","template":"","meta":{"_glsr_average":0,"_glsr_ranking":0,"_glsr_reviews":0},"portfolio_category":[103],"acf":[],"_links":{"self":[{"href":"https:\/\/marbellainstyle.com\/es\/wp-json\/wp\/v2\/portfolio\/58363"}],"collection":[{"href":"https:\/\/marbellainstyle.com\/es\/wp-json\/wp\/v2\/portfolio"}],"about":[{"href":"https:\/\/marbellainstyle.com\/es\/wp-json\/wp\/v2\/types\/portfolio"}],"author":[{"embeddable":true,"href":"https:\/\/marbellainstyle.com\/es\/wp-json\/wp\/v2\/users\/3"}],"replies":[{"embeddable":true,"href":"https:\/\/marbellainstyle.com\/es\/wp-json\/wp\/v2\/comments?post=58363"}],"version-history":[{"count":13,"href":"https:\/\/marbellainstyle.com\/es\/wp-json\/wp\/v2\/portfolio\/58363\/revisions"}],"predecessor-version":[{"id":63972,"href":"https:\/\/marbellainstyle.com\/es\/wp-json\/wp\/v2\/portfolio\/58363\/revisions\/63972"}],"up":[{"embeddable":true,"href":"https:\/\/marbellainstyle.com\/es\/wp-json\/wp\/v2\/portfolio\/56903"}],"wp:featuredmedia":[{"embeddable":true,"href":"https:\/\/marbellainstyle.com\/es\/wp-json\/wp\/v2\/media\/58018"}],"wp:attachment":[{"href":"https:\/\/marbellainstyle.com\/es\/wp-json\/wp\/v2\/media?parent=58363"}],"wp:term":[{"taxonomy":"portfolio_category","embeddable":true,"href":"https:\/\/marbellainstyle.com\/es\/wp-json\/wp\/v2\/portfolio_category?post=58363"}],"curies":[{"name":"wp","href":"https:\/\/api.w.org\/{rel}","templated":true}]}}

<div class="wpb-content-wrapper"><p>[vc_row unlock_row_content=»yes» row_height_percent=»25&#8243; override_padding=»yes» h_padding=»0&#8243; top_padding=»0&#8243; bottom_padding=»0&#8243; back_color=»color-xsdn» overlay_alpha=»100&#8243; equal_height=»yes» gutter_size=»0&#8243; shift_y=»0&#8243; style=»inherited» row_height_pixel=»500&#8243;][vc_column column_width_percent=»100&#8243; position_horizontal=»left» position_vertical=»middle» override_padding=»yes» column_padding=»5&#8243; back_color=»color-jevc» overlay_alpha=»100&#8243; gutter_size=»2&#8243; medium_width=»0&#8243; shift_x=»0&#8243; shift_y=»0&#8243; z_index=»0&#8243; zoom_width=»0&#8243; zoom_height=»0&#8243; width=»1/2&#8243;][vc_custom_heading heading_semantic=»h3&#8243; text_size=»h3&#8243; text_space=»fontspace-210350&#8243; text_weight=»600&#8243; text_transform=»uppercase» text_color=»color-xsdn» sub_lead=»yes»]Traslado desde Aeropuerto[/vc_custom_heading][vc_separator sep_color=»accent»][vc_column_text]Será recibido en el aeropuerto por uno de nuestros chóferes profesionales que harán lo posible por satisfacer todas sus peticiones durante el traslado. Será conducido con seguridad y confort evitando cualquier molestia ocasionada por el tráfico.[/vc_column_text][/vc_column][vc_column column_width_percent=»100&#8243; position_horizontal=»left» back_color=»color-lxmt» back_image=»63779&#8243; overlay_alpha=»100&#8243; gutter_size=»3&#8243; medium_width=»0&#8243; shift_x=»0&#8243; shift_y=»0&#8243; z_index=»0&#8243; zoom_width=»0&#8243; zoom_height=»0&#8243; width=»1/2&#8243; mobile_height=»350&#8243;][/vc_column][/vc_row][vc_row unlock_row_content=»yes» row_height_percent=»25&#8243; override_padding=»yes» h_padding=»0&#8243; top_padding=»0&#8243; bottom_padding=»0&#8243; back_color=»color-xsdn» overlay_alpha=»100&#8243; equal_height=»yes» gutter_size=»0&#8243; shift_y=»0&#8243; style=»inherited» row_height_pixel=»500&#8243;][vc_column column_width_percent=»100&#8243; position_horizontal=»left» back_color=»color-lxmt» back_image=»56265&#8243; overlay_alpha=»100&#8243; gutter_size=»3&#8243; medium_visibility=»yes» medium_width=»0&#8243; mobile_visibility=»yes» shift_x=»0&#8243; shift_y=»0&#8243; z_index=»0&#8243; zoom_width=»0&#8243; zoom_height=»0&#8243; width=»1/2&#8243; mobile_height=»260&#8243;][/vc_column][vc_column column_width_percent=»100&#8243; position_horizontal=»left» position_vertical=»middle» override_padding=»yes» column_padding=»5&#8243; back_color=»color-xsdn» overlay_alpha=»100&#8243; gutter_size=»2&#8243; medium_width=»0&#8243; shift_x=»0&#8243; shift_y=»0&#8243; z_index=»0&#8243; zoom_width=»0&#8243; zoom_height=»0&#8243; width=»1/2&#8243;][vc_custom_heading heading_semantic=»h3&#8243; text_size=»h3&#8243; text_space=»fontspace-210350&#8243; text_weight=»600&#8243; text_transform=»uppercase» sub_lead=»yes»]Recepción[/vc_custom_heading][vc_separator sep_color=»accent»][vc_column_text]A su llegada a la villa será recibido por nuestro concierge quien se habrá encargado de enfriar una botella de champán y de preparar una selección de deliciosas tapas para usted. Sus sentidos serán deleitados con la entrega de unas elegantes flores frescas.</p>
<p>Nuestro concierge le enseñará todas las instalaciones que la villa tiene para ofrecerle, así como darle algunos consejos útiles sobre Marbella.[/vc_column_text][/vc_column][/vc_row][vc_row unlock_row_content=»yes» row_height_percent=»25&#8243; override_padding=»yes» h_padding=»0&#8243; top_padding=»0&#8243; bottom_padding=»0&#8243; back_color=»color-xsdn» overlay_alpha=»100&#8243; equal_height=»yes» gutter_size=»0&#8243; shift_y=»0&#8243; style=»inherited» row_height_pixel=»500&#8243;][vc_column column_width_percent=»100&#8243; position_horizontal=»left» position_vertical=»middle» override_padding=»yes» column_padding=»5&#8243; back_color=»color-jevc» overlay_alpha=»100&#8243; gutter_size=»2&#8243; medium_width=»0&#8243; shift_x=»0&#8243; shift_y=»0&#8243; z_index=»0&#8243; zoom_width=»0&#8243; zoom_height=»0&#8243; width=»1/2&#8243;][vc_custom_heading heading_semantic=»h3&#8243; text_size=»h3&#8243; text_space=»fontspace-210350&#8243; text_weight=»600&#8243; text_transform=»uppercase» text_color=»color-xsdn» sub_lead=»yes»]Mantenimiento y Limpieza[/vc_custom_heading][vc_separator sep_color=»accent»][vc_column_text]Nos haremos cargo de todas las necesidades que su hogar de vacaciones pueda necesitar. Nuestro equipo de limpieza profesionalmente formado le proporcionará servicio diario de limpieza y lavandería.[/vc_column_text][/vc_column][vc_column column_width_percent=»100&#8243; position_horizontal=»left» back_color=»color-lxmt» back_image=»62231&#8243; overlay_alpha=»100&#8243; gutter_size=»3&#8243; medium_width=»0&#8243; shift_x=»0&#8243; shift_y=»0&#8243; z_index=»0&#8243; zoom_width=»0&#8243; zoom_height=»0&#8243; width=»1/2&#8243; mobile_height=»350&#8243;][/vc_column][/vc_row][vc_row unlock_row_content=»yes» row_height_percent=»25&#8243; override_padding=»yes» h_padding=»0&#8243; top_padding=»0&#8243; bottom_padding=»0&#8243; back_color=»color-xsdn» overlay_alpha=»100&#8243; equal_height=»yes» gutter_size=»0&#8243; shift_y=»0&#8243; style=»inherited» row_height_pixel=»500&#8243;][vc_column column_width_percent=»100&#8243; position_horizontal=»left» back_color=»color-lxmt» back_image=»61440&#8243; overlay_alpha=»100&#8243; gutter_size=»3&#8243; medium_visibility=»yes» medium_width=»0&#8243; mobile_visibility=»yes» shift_x=»0&#8243; shift_y=»0&#8243; z_index=»0&#8243; zoom_width=»0&#8243; zoom_height=»0&#8243; width=»1/2&#8243; mobile_height=»260&#8243;][/vc_column][vc_column column_width_percent=»100&#8243; position_horizontal=»left» position_vertical=»middle» override_padding=»yes» column_padding=»5&#8243; back_color=»color-xsdn» overlay_alpha=»100&#8243; gutter_size=»2&#8243; medium_width=»0&#8243; shift_x=»0&#8243; shift_y=»0&#8243; z_index=»0&#8243; zoom_width=»0&#8243; zoom_height=»0&#8243; width=»1/2&#8243;][vc_custom_heading heading_semantic=»h3&#8243; text_size=»h3&#8243; text_space=»fontspace-210350&#8243; text_weight=»600&#8243; text_transform=»uppercase» sub_lead=»yes»]Chef Privado[/vc_custom_heading][vc_separator sep_color=»accent»][vc_column_text]Para hacer que sus vacaciones se desarrollen a la perfección, prepararemos un pre-stock por usted para asegurar que dispone de comida y bebidas necesarias a su llegada.</p>
<p>Y por supuesto nuestro paquete de Villa tiene algo muy especial para usted, prepararemos un restaurante privado de lujo en la comodidad y ambiente de su villa. Uno de nuestros expertos chefs privado cocinará una cena preparada especialmente para enlazar a la perfección con los vinos más extraordinarios de la región. Su chef privado se encargará de las compras y la gestión de la cocina, manteniéndola organizada, limpia y ordenada.[/vc_column_text][/vc_column][/vc_row]</p>
</div>

<p>Nuestro «Paquete vacacional con Villa en Marbella» hará que disfrutes de Marbella al máximo, para ello hemos incluido un conjunto de servicios adicionales para hacer de tu estancia una experiencia inolvidable.</p>
